hat is the greatest common divisor of 15 and 66263295?
15
What is the highest common factor of 1626060832 and 88?
88
Calculate the highest common divisor of 721630389 and 17087.
2441
Calculate the greatest common divisor of 1383356 and 60532.
148
Calculate the greatest common factor of 69351093 and 63.
63
What is the highest common divisor of 77388 and 12624?
12
Calculate the greatest common divisor of 3905580 and 73845.
8205
What is the greatest common divisor of 1335936 and 1349?
71
Calculate the highest common divisor of 205088 and 355946.
986
Calculate the highest common divisor of 107252 and 13292.
4
What is the highest common divisor of 8272292 and 224?
28
What is the highest common divisor of 158 and 79844510?
158
Calculate the highest common divisor of 256276 and 2528.
316
Calculate the highest common divisor of 19702568 and 16688.
1192
What is the highest common divisor of 6477223 and 5891?
137
Calculate the greatest common divisor of 1194967 and 5232.
109
What is the highest common divisor of 11495 and 124279342?
2299
What is the greatest common divisor of 5985 and 5159735?
665
Calculate the highest common divisor of 65586 and 32874018.
3858
What is the highest common factor of 95680 and 206425?
115
Calculate the highest common divisor of 3780 and 498879.
27
Calculate the greatest common divisor of 6107988 and 168.
12
Calculate the greatest common factor of 1141050230 and 20.
10
What is the highest common factor of 1950 and 1265186?
26
What is the greatest common divisor of 99795490 and 10?
10
What is the highest common factor of 610720352 and 33?
11
Calculate the highest common factor of 6230 and 154210.
70
What is the greatest common divisor of 1380 and 150079830?
690
Calculate the greatest common divisor of 599650010 and 7580.
3790
Calculate the highest common divisor of 2689 and 676595424.
2689
Calculate the highest common factor of 4355040 and 3840.
480
Calculate the highest common divisor of 8664 and 11513373.
1083
Calculate the highest common factor of 24 and 15259224.
24
Calculate the highest common factor of 4483622 and 7722.
286
What is the highest common factor of 7 and 22492652?
7
Calculate the highest common factor of 8 and 355282068.
4
What is the greatest common divisor of 24657721 and 2409?
803
Calculate the highest common divisor of 2796 and 145656921.
699
Calculate the greatest common factor of 134212 and 16298.
58
What is the greatest common divisor of 236628 and 84996?
108
Calculate the highest common divisor of 3809 and 3058159.
13
What is the highest common factor of 2669586 and 4394073?
1821
What is the greatest common factor of 197192 and 3175011?
157
Calculate the greatest common divisor of 103319532 and 54.
18
Calculate the greatest common divisor of 50772100 and 1300.
100
What is the greatest common factor of 1564160 and 116090?
6110
Calculate the greatest common factor of 43672335 and 525.
105
Calculate the greatest common factor of 23144778 and 3564.
162
What is the highest common factor of 2010 and 26441215?
335
Calculate the greatest common factor of 230380358 and 418.
38
What is the greatest common divisor of 756780 and 780?
60
Calculate the highest common factor of 27 and 6172704.
9
Calculate the highest common divisor of 953 and 1056610160.
953
What is the greatest common factor of 210290658 and 870?
174
Calculate the highest common factor of 151728 and 22404.
12
Calculate the highest common divisor of 388 and 80388556.
388
Calculate the greatest common factor of 27952491 and 115101.
4263
What is the highest common factor of 831 and 1094987648?
277
Calculate the greatest common factor of 23421 and 499437.
633
What is the greatest common divisor of 39907718 and 26?
2
What is the highest common factor of 13606171 and 12784?
799
What is the greatest common factor of 752 and 48467152?
752
What is the greatest common factor of 5185 and 131935?
5
Calculate the highest common factor of 15012 and 26714124.
108
What is the highest common divisor of 1415691 and 1035?
9
Calculate the highest common divisor of 45683226 and 2181.
2181
What is the greatest common factor of 8313489 and 17604?
4401
Calculate the highest common factor of 1472189 and 69551.
157
What is the highest common factor of 293241 and 438?
219
What is the highest common factor of 2607 and 642258782?
869
Calculate the highest common divisor of 67164 and 2268.
12
Calculate the greatest common divisor of 1204042815 and 45.
45
What is the highest common divisor of 3468367 and 147?
49
Calculate the highest common divisor of 2168868 and 390.
78
Calculate the highest common factor of 16723366 and 6.
2
Calculate the highest common divisor of 2169 and 71088493.
241
Calculate the greatest common factor of 2183398032 and 48.
48
What is the greatest common divisor of 841 and 156392360?
841
Calculate the highest common divisor of 885 and 1028252.
59
Calculate the highest common factor of 72 and 9411240.
24
Calculate the greatest common divisor of 5278 and 486450263.
377
What is the highest common divisor of 16814648 and 248?
248
What is the highest common divisor of 823 and 1482223?
823
What is the greatest common divisor of 160 and 644295?
5
Calculate the greatest common factor of 8973 and 150939.
9
What is the greatest common factor of 21180 and 184140?
60
Calculate the greatest common factor of 10273230 and 630.
90
What is the highest common divisor of 125296568 and 29724?
9908
Calculate the highest common factor of 590304 and 91104.
1248
What is the greatest common factor of 137938729 and 1391?
107
What is the highest common factor of 217 and 51666181?
217
What is the greatest common divisor of 986 and 6815606?
34
What is the greatest common factor of 15435844 and 410?
82
Calculate the highest common factor of 7518 and 18191412.
1074
Calculate the highest common factor of 36974370 and 2370.
2370
What is the greatest common factor of 10475271 and 108?
27
What is the greatest common factor of 741915426 and 70?
14
Calculate the greatest common divisor of 228 and 65748360.
228
What is the greatest common divisor of 20 and 488025540?
20
Calculate the highest common factor of 2656 and 203200.
32
What is the highest common divisor of 451 and 43436712?
451
What is the greatest common factor of 40042847 and 1677?
559
What is the highest common factor of 14560 and 103135760?
7280
What is the greatest common divisor of 1705 and 4231810?
1705
Calculate the greatest common divisor of 3324115 and 10535.
215
Calculate the highest common divisor of 9254425 and 36575.
475
What is the highest common factor of 4833 and 5296073?
179
What is the greatest common divisor of 16088 and 6048?
8
What is the greatest common factor of 27910 and 1103555818?
5582
What is the greatest common divisor of 110139 and 807?
3
What is the highest common divisor of 176823 and 761238?
2997
What is the highest common factor of 24678038 and 4070?
814
What is the greatest common divisor of 73106575 and 250?
25
Calculate the greatest common divisor of 21377408 and 8.
8
What is the highest common divisor of 49958818 and 351?
13
Calculate the highest common divisor of 555 and 34992565.
185
Calculate the highest common divisor of 132122 and 11904.
62
Calculate the greatest common factor of 1815 and 17655935.
55
Calculate the highest common divisor of 18019 and 487000.
487
Calculate the highest common factor of 966608 and 160.
16
What is the highest common factor of 9704670 and 6837?
129
What is the highest common divisor of 1802 and 943058?
34
Calculate the highest common divisor of 1055361 and 22692671.
4819
Calculate the highest common factor of 9904750 and 200.
50
What is the highest common factor of 2 and 6856772?
2
Calculate the greatest common factor of 2959508 and 580.
116
Calculate the greatest common factor of 3007249 and 148.
37
Calculate the greatest common divisor of 144289131 and 105.
21
Calculate the greatest common divisor of 6 and 146269374.
6
What is the highest common factor of 545174441 and 11606?
5803
What is the highest common factor of 143 and 816569?
13
What is the highest common divisor of 10625 and 6160970?
85
Calculate the highest common factor of 846803368 and 1268.
1268
What is the highest common divisor of 1221 and 2016833?
37
What is the greatest common divisor of 3